. Give c(14).
-163
Let w(v) = -11*v**3 - 2630*v**2 + 2393*v - 1666. Calculate w(-240).
14
Let j(r) = 17*r**2 + 6756*r - 54137. What is j(8)?
999
Let b(k) = k**3 - 129*k**2 - 543*k + 1018. Determine b(133).
-445
Let o(r) = -173038*r - 692160. Calculate o(-4).
-8
Let m(s) = -221*s + 53964. Determine m(244).
40
Let v(j) = 6402*j + 43586. Determine v(-7).
-1228
Let r(s) = -4*s**2 - 4922*s - 24516. Give r(-5).
-6
Let q(p) = -6574*p - 111771. Give q(-17).
-13
Let b(s) = -s**3 - 208*s**2 - 8011*s - 628. Determine b(-157).
0
Let p(b) = -436*b - 30472. Determine p(-70).
48
Let n(u) = 1349*u - 52612. Give n(39).
-1
Let k(d) = -19*d**3 + 19399*d**2 + 10*d - 10209. What is k(1021)?
1
Let r(p) = -2*p**3 + 53*p**2 + 71*p - 284. Determine r(28).
-648
Let b(z) = -32629*z**2 - 32123*z + 2. Determine b(-1).
-504
Let l(w) = -10*w**2 + 1081*w - 7233. What is l(101)?
-62
Let h(b) = b**2 + 117*b + 1817. What is h(-14)?
375
Let s(i) = -8675*i + 286304. Calculate s(33).
29
Let u(s) = s**2 - 173*s + 4190. What is u(29)?
14
Let v(y) = 316*y - 1273. Determine v(2).
-641
Let c(a) = 5*a**3 - 95*a**2 - 56*a - 151. Give c(21).
3083
Let l(t) = 21*t**2 - 191*t + 209. Give l(8).
25
Let r(t) = -3*t**2 + 105*t - 1606. Determine r(0).
-1606
Let w(a) = -a**3 - 399*a**2 - 3903*a + 4019. Determine w(-11).
4
Let c(m) = 2*m**2 - 11244*m + 90115. Give c(8).
291
Let j(y) = 3*y**2 - 482*y - 7155. Determine j(175).
370
Let i(o) = 10*o**3 - 530*o**2 - 15*o + 679. Calculate i(53).
-116
Let n(k) = 49*k - 366. Give n(9).
75
Let n(g) = -2086*g + 2139. What is n(1)?
53
Let c(o) = -o**2 + 66*o + 698. What is c(52)?
1426
Let a(u) = 2098*u**2 - 41920*u - 17. Determine a(20).
783
Let d(w) = -2*w**2 + 508*w + 31034. Determine d(305).
-76
Let p(m) = -11*m**2 - 2931*m - 17508. Determine p(-6).
-318
Let r(q) = -8*q**2 + 5*q + 48. Calculate r(-12).
-1164
Let d(q) = 191*q**2 + 3197*q - 848. Calculate d(-17).
2
Let h(d) = 12149*d - 777550. Calculate h(64).
-14
Let f(c) = -148*c**2 - 1528*c - 509. Calculate f(-10).
-29
Let c(a) = a**2 + 207*a + 2574. Calculate c(-12).
234
Let t(f) = -14*f**2 - 2143*f - 19155. Determine t(-9).
-1002
Let l(q) = 4*q**2 + 242*q - 566. Calculate l(-65).
604
Let c(b) = -310*b**2 - 1327*b + 1325. Determine c(1).
-312
Let u(b) = -20*b**3 + 274*b**2 - 356*b + 6166. What is u(14)?
6
Let t(v) = -3544*v + 1336. Give t(1).
-2208
Let v(o) = -9*o**3 - 157*o**2 - 172*o + 1261. What is v(-4)?
13
Let t(u) = -12675*u + 152476. What is t(12)?
376
Let g(a) = -127*a - 200. What is g(-7)?
689
Let p(j) = j**2 + 67*j + 428. Give p(-6).
62
Let g(u) = 3*u**3 + 4126*u**2 + 20556*u - 2. What is g(-5)?
-7
Let y(s) = 2*s**3 + 139*s**2 + 2276*s + 21. Give y(-35).
4886
Let f(g) = 42*g**2 + 8834*g + 2962. Calculate f(-210).
22
Let q(z) = 31*z**2 + 1966*z + 4532. Calculate q(-61).
-43
Let c(h) = -267*h - 29369. What is c(-110)?
1
Let i(u) = -299*u + 612. What is i(-9)?
3303
Let h(b) = 262671*b - 7092104. What is h(27)?
13
Let c(a) = 2*a**2 - 3401*a + 100235. Give c(30).
5
Let j(b) = -2*b**2 - 234*b + 36086. Calculate j(-205).
6
Let v(x) = -9806*x + 470671. Calculate v(48).
-17
Let j(c) = -268*c - 3771. Give j(-20).
1589
Let z(b) = 272*b - 5003. Give z(22).
981
Let o(h) = h**2 - 5890*h - 64971. Calculate o(-11).
-60
Let j(n) = -7496*n + 111011. Calculate j(15).
-1429
Let s(n) = -164*n + 1850. Determine s(11).
46
Let f(s) = 113734*s + 568738. Give f(-5).
68
Let x(f) = -12*f**2 + 13027*f + 97257. What is x(1093)?
-20
Let i(u) = -2*u**3 + 37*u**2 + 264*u + 99. Give i(24).
99
Let m(g) = -2393*g**2 - 28731*g + 5. Calculate m(-12).
185
Let b(p) = -2*p**3 + 57*p**2 - 45*p + 8. Give b(28).
-468
Let g(h) = 2*h**3 - 21*h**2 + 242*h - 2747. What is g(11)?
36
Let d(f) = -8*f**3 + 18*f**2 - 44*f - 67. Calculate d(7).
-2237
Let z(a) = 10*a**2 + 6059*a - 30558. Calculate z(5).
-13
Let k(n) = 34*n**2 + 2080*n - 17. Give k(-61).
-383
Let n(z) = z**3 + 25*z**2 - 92*z - 3684. Calculate n(-21).
12
Let t(y) = y**3 + 16*y**2 + 76*y - 5059. Calculate t(0).
-5059
Let g(r) = -205965*r - 411936. What is g(-2)?
-6
Let b(n) = 2*n**3 + 809*n**2 + 44979*n + 8454. Give b(-338).
4
Let p(j) = j**2 + 131*j - 507649. Give p(650).
1
Let b(f) = -4*f**3 + 212*f**2 + 5*f - 283. What is b(53)?
-18
Let h(j) = -17871*j + 267866. Determine h(15).
-199
Let z(p) = -1562*p + 1353. What is z(1)?
-209
Let x(n) = n**3 - 65*n**2 + 106*n - 3124. Give x(64).
-436
Let c(z) = -5720*z - 40117. Calculate c(-7).
-77
Let a(s) = 4*s**2 - 274*s + 4011. Give a(15).
801
Let u(n) = n**3 - 78*n**2 + 461*n - 43326. Give u(79).
-666
Let l(f) = -45934*f + 1423956. Determine l(31).
2
Let a(z) = z**3 - 171*z**2 - 557*z + 5824. Determine a(174).
-266
Let m(k) = 5*k**3 + 1561*k**2 - 2825*k + 302. What is m(-314)?
-12
Let x(z) = -5*z**2 - 163*z + 672. Give x(4).
-60
Let z(a) = a**2 - 98*a + 2067. What is z(39)?
-234
Let z(d) = -21*d**2 - 414*d + 70. Give z(-19).
355
Let b(s) = -s**2 + 25100*s - 100404. Determine b(4).
-20
Let k(w) = -256*w + 3711. Determine k(12).
639
Let a(g) = -g**3 - 75*g**2 - 218*g + 524. Give a(-72).
668
Let c(d) = -3*d**3 + 13*d**2 + 68*d - 305. Calculate c(5).
-15
Let t(b) = b**3 - 307*b**2 + 10035*b + 50301. Give t(269).
-2
Let m(s) = 10001*s - 19584. Calculate m(2).
418
Let t(k) = -9757*k + 1561126. Calculate t(160).
6
Let v(h) = -h**3 + 194*h**2 - 9406*h + 157. Calculate v(99).
58
Let p(h) = 340*h - 40533. Determine p(120).
267
Let d(t) = -21*t**2 + 903*t - 920. Determine d(42).
-38
Let c(k) = k**3 + 31*k**2 - 262*k + 477. Calculate c(4).
-11
Let q(n) = 9*n - 365. Determine q(-14).
-491
Let n(b) = 2602*b - 2576. Determine n(1).
26
Let s(m) = 2301*m - 78273. Calculate s(34).
-39
Let y(j) = -2*j**3 + 316*j**2 + 11*j - 1735. Calculate y(158).
3
Let w(c) = -2*c**3 + 25*c**2 + 297*c + 50. Calculate w(20).
-10
Let p(a) = 5*a**3 + 35*a**2 - 3*a - 4. Determine p(-7).
17
Let r(o) = -o**3 - 50*o**2 - 609*o - 36. Determine r(-29).
-36
Let d(l) = -1137*l + 372934. Give d(328).
-2
Let g(a) = a**3 - 45*a**2 - 1291*a + 4774. Give g(64).
-26
Let x(c) = 2*c**2 + 15*c + 25. Determine x(-7).
18
Let k(g) = 2381*g + 58968. What is k(-25)?
-557
Let w(b) = -212*b**2 - 1383*b - 129. Determine w(-5).
1486
Let t(y) = -16953*y + 101570. Give t(6).
-148
Let h(x) = 11*x**2 - 234*x + 907. Determine h(10).
-333
Let j(k) = -2*k**3 + 107*k**2 - 100*k - 185. Give j(53).
-2676
Let w(r) = -2*r**3 - 134*r**2 + 566*r + 120. Calculate w(-71).
262
Let q(f) = -10*f**3 - 456*f**2 + 182*f + 5. What is q(-46)?
97
Let f(b) = b**3 - 63*b**2 - 128*b - 145. Give f(65).
-15
Let n(r) = -r**2 + 55*r - 400. Give n(53).
-294
Let o(p) = -3*p**3 + 21*p**2 - 70*p - 4. Determine o(12).
-3004
Let n(i) = -1084*i + 109507. Calculate n(101).
23
Let c(v) = -24*v**3 - 477*v**2 - 192*v + 3934. Calculate c(-19).
1
Let i(q) = 23*q**2 - 446*q + 5765. What is i(13)?
3854
Let b(d) = d**3 - 100*d**2 - 7268*d - 45639. Determine b(-7).
-6
Let x(j) = -2372*j + 1605825. Calculate x(677).
-19
Let s(r) = -24871*r + 124340. Give s(5).
-15
Let n(t) = 12721*t - 47450. Determine n(4).
3434
Let f(o) = -4*o**2 + 1002*o + 1015. Give f(-1).
9
Let c(d) = -3703*d + 181466. Give c(49).
19
Let s(k) = -k**3 + 33*k**2 - 68*k + 3299. Determine s(34).
-169
Let r(l) = l**3 + 37*l**2 + 147*l + 492. What is r(0)?
492
Let v(a) = -143554*a + 1579095. Determine v(11).
1
Let d(l) = 5*l**3 + 161*l**2 + 42*l + 587. Determine d(-32).
267
Let t(k) = -77*k + 18110. Determine t(237).
-139
Let v(i) = -3*i**2 + 778*i - 13960. Calculate v(240).
-40
Let f(i) = 2*i**2 + 242*i + 2800. Calculate f(-108).
-8
Let i(q) = -q**3 + 249*q**2 - 2934*q - 31614. Determine i(236).
10
Let m(i) = i**2 - 24328*i + 461862. Calculate m(19).
-9
Let l(b) = -330*b**2 - 1765*b - 1766. Give l(-1).
-331
Let s(a) = -a**3 + 1204*a**2 + 34501*a - 6151. Determine s(1232).
9
Let o(y) = -y**3 + 385*y**2 - 8205*y + 79482. Determine o(363).
-15
Let p(y) = y**2 - 62792*y - 188377. Determine p(-3).
8
Let r(b) = 2693395*b - 70028271. Determine r(26).
-1
Let f(y) = y**2 + 9472*y + 9485. What is f(-1)?
14
Let n(h) = -3651*h - 138725. Calculate n(-38).
13
Let o(t) = 585*t**2 - 491*t - 39. Give o(1).
55
Let c(j) = -j**3 - 885*j**2 + 1318*j - 404500. Calculate c(-887).
-28
Let u(a) = -3004*a - 318428. Calculate u(-106).
-4
Let s(x) = -3503*x - 136465. Calculate s(-39).
152
Let k(z) = 33*z - 241